s 62591 a prime number?
True
Is 20633 composite?
True
Is 29005 a composite number?
True
Is 35537 a composite number?
False
Is 1883 a composite number?
True
Is 343699 a prime number?
False
Is 429827 prime?
True
Is 71593 composite?
False
Is 24142 a prime number?
False
Is 817237 a prime number?
True
Is 16369 a composite number?
False
Is 227749 a prime number?
False
Is 1066063 a composite number?
False
Is 47323 composite?
True
Is 345089 a composite number?
False
Is 1061251 a composite number?
False
Is 49783 a composite number?
False
Is 45643 prime?
False
Is 7639 a prime number?
True
Is 73183 a prime number?
False
Is 3948653 composite?
False
Is 7523 composite?
False
Is 5167 a prime number?
True
Is 16999 a prime number?
False
Is 9965 composite?
True
Is 1239871 a prime number?
False
Is 7663 prime?
False
Is 30335 prime?
False
Is 1931 a composite number?
False
Is 9041 prime?
True
Is 12703 a composite number?
False
Is 4741 a prime number?
False
Is 170042 a composite number?
True
Is 130807 prime?
True
Is 677731 composite?
True
Is 156109 a prime number?
True
Is 4073 composite?
False
Is 12847 a prime number?
False
Is 1077841 a prime number?
True
Is 302411 a prime number?
True
Is 942581 prime?
False
Is 112121 composite?
False
Is 1087 prime?
True
Is 177301 composite?
False
Is 1475615 composite?
True
Is 901547 a prime number?
True
Is 743363 prime?
True
Is 37799 a composite number?
False
Is 11299 composite?
False
Is 2515 prime?
False
Is 330173 a prime number?
False
Is 14583 a prime number?
False
Is 88073 a composite number?
True
Is 5569 a composite number?
False
Is 81053 a prime number?
False
Is 45205 composite?
True
Is 63793 prime?
True
Is 368243 composite?
False
Is 2595773 a composite number?
False
Is 11182 a composite number?
True
Is 5782367 prime?
True
Is 12829 prime?
True
Is 19059 prime?
False
Is 83515 prime?
False
Is 15133 a prime number?
False
Is 21467 a prime number?
True
Is 248557 a prime number?
False
Is 49145 prime?
False
Is 52613 a prime number?
False
Is 5434243 a composite number?
False
Is 1052807 prime?
False
Is 1799 a prime number?
False
Is 18463 a prime number?
False
Is 233627 a prime number?
False
Is 2319827 a prime number?
False
Is 1431301 composite?
True
Is 14999 prime?
False
Is 15837 a prime number?
False
Is 50437 a prime number?
False
Is 131143 a composite number?
False
Is 878821 composite?
False
Is 481615 prime?
False
Is 81573 composite?
True
Is 308561 a prime number?
False
Is 414131 a prime number?
True
Is 19373 prime?
True
Is 111091 composite?
False
Is 56167 prime?
True
Is 17321 a prime number?
True
Is 54617 prime?
True
Is 84611 a prime number?
False
Is 10495 composite?
True
Is 32347 a composite number?
True
Is 5981 a composite number?
False
Is 76745 a prime number?
False
Is 11887 composite?
False
Is 37781 composite?
False
Is 1605971 a composite number?
False
Is 16771 a prime number?
False
Is 24571 a composite number?
False
Is 124529 composite?
False
Is 69959 composite?
False
Is 352021 composite?
False
Is 1194373 composite?
False
Is 127913 a composite number?
False
Is 18341 composite?
False
Is 3073 a prime number?
False
Is 900551 a prime number?
True
Is 2014967 a composite number?
False
Is 310459 composite?
False
Is 122446 a prime number?
False
Is 83309 a composite number?
True
Is 308435 a composite number?
True
Is 88607 prime?
True
Is 1504247 prime?
True
Is 47339 a composite number?
False
Is 371897 composite?
False
Is 97447 composite?
True
Is 71821 a composite number?
False
Is 632813 a composite number?
False
Is 23137 a prime number?
False
Is 280169 a prime number?
False
Is 1523 prime?
True
Is 73217 prime?
False
Is 1006769 a composite number?
False
Is 86257 a prime number?
True
Is 2253 composite?
True
Is 3455 a composite number?
True
Is 616663 a prime number?
False
Is 2447 a prime number?
True
Is 4850345 a prime number?
False
Is 96699 a prime number?
False
Is 706285 prime?
False
Is 185 a composite number?
True
Is 27617 a prime number?
True
Is 104821 a composite number?
True
Is 1343949 a prime number?
False
Is 40569 prime?
False
Is 1137 composite?
True
Is 13021 composite?
True
Is 134459 composite?
True
Is 2681 composite?
True
Is 78079 composite?
False
Is 1171 prime?
True
Is 203669 prime?
True
Is 240473 composite?
False
Is 7419 prime?
False
Is 23269 prime?
True
Is 9311 prime?
True
Is 5951 a composite number?
True
Is 382237 prime?
False
Is 128665 a composite number?
True
Is 29917 composite?
False
Is 9574 prime?
False
Is 10123 prime?
False
Is 284587 a composite number?
False
Is 3137 prime?
True
Is 123673 a prime number?
False
Is 72671 a prime number?
True
Is 46619 a prime number?
True
Is 37 a composite number?
False
Is 17023 a composite number?
True
Is 363659 a composite number?
False
Is 743927 composite?
True
Is 44167 prime?
False
Is 2730359 a composite number?
True
Is 85889 a composite number?
False
Is 1165969 a prime number?
False
Is 18923 composite?
True
Is 780523 a composite number?
False
Is 2023355 prime?
False
Is 8663 a prime number?
True
Is 3817 prime?
False
Is 9199 a prime number?
True
Is 14566 composite?
True
Is 394919 a prime number?
False
Is 196111 a composite number?
False
Is 741619 a prime number?
False
Is 207763 prime?
True
Is 136393 a prime number?
True
Is 32521 prime?
False
Is 133129 a prime number?
False
Is 26507 prime?
False
Is 3793 a prime number?
True
Is 18811 a composite number?
True
Is 7789 prime?
True
Is 19937 a prime number?
True
Is 8639 a prime number?
False
Is 38017 composite?
True
Is 26831 a composite number?
True
Is 970243 prime?
False
Is 23741 composite?
False
Is 534607 a prime number?
True
Is 369093 composite?
True
Is 46073 prime?
True
Is 261427 a prime number?
True
Is 9047 a prime number?
False
Is 76507 composite?
False
Is 57803 prime?
True
Is 166063 a composite number?
False
Is 95891 a prime number?
True
Is 627541 a prime number?
True
Is 1927 a composite number?
True
Is 149 composite?
False
Is 1294769 a prime number?
False
Is 101942 prime?
False
Is 371249 a composite number?
False
Is 16279 composite?
True
Is 16793 prime?
False
Is 29242 a composite number?
True
Is 328883 composite?
False
Is 3967 prime?
True
Is 199429 composite?
False
Is 11113 prime?
True
Is 32603 composite?
False
Is 75902 composite?
True
Is 1513441 a composite number?
False
Is 915163 a composite number?
True
Is 50189 composite?
True
Is 179611 prime?
False
Is 1579673 prime?
True
Is 11073 prime?
False
Is 4737 prime?
False
Is 68767 a composite number?
False
Is 35237 prime?
False
Is 785039 prime?
False
Is 94421 prime?
True
Is 11287 composite?
False
Is 40043 a prime number?
False
Is 71563 a prime number?
True
Is 6103 a composite number?
True
Is 55849 a composite number?
False
Is 33206 a prime number?
False
Is 310169 a prime number?
True
Is 6599 a composite number?
False
Is 135893 composite?
False
Is 106681 composite?
False
Is 38149 a prime number?
True
Is 13361 composite?
True
Is 7393 a composite number?
False
Is 1925579 a composite number?
False
Is 27847 a composite number?
False
Is 146123 composite?
True
Is 725317 a prime number?
True
Is 631 prime?
True
Is 339077 prime?
False
Is 4867 a prime number?
False
Is 6289 a prime number?
False
Is 274033 composite?
False
Is 557599 composite?
True
Is 52637 prime?
False
Is 25869 prime?
False
Is 6683 a prime number?
False
Is 7283 a prime number?
True
Is 8809 prime?
False
Is 4059077 prime?
False
Is 79801 a prime number?
True
Is 20014 a composite number?
True
Is 2707 a composite number?
False
Is 50987 composite?
True
Is 994459 a composite number?
True
Is 1367057 a prime number?
True
Is 148123 composite?
False
Is 1543783 composite?
True
Is 75931 composite?
False
Is 236987 a prime number?
False
Is 11717 a prime number?
True
Is 44686 a prime number?
False
Is 1217 composite?
False
Is 1535 a prime number?
False
Is 62341 a composite number?
True
Is 499531 a prime number?
False
Is 134905 composite?
True
Is 407261 a prime number?
False
Is 66919 a composite number?
False
Is 23237 a composite number?
True
Is 750653 a prime number?
True
Is 1821 a composite number?
True
Is 1537 a prime number?
False
Is 70591 a composite number?
True
Is 12319 a prime number?
False
Is 37781 prime?
True
Is 47491 a composite number?
False
Is 24169 composite?
False
Is 97423 prime?
True
Is 1701097 a prime number?
False
Is 30997 composite?